{"id":9,"date":"2025-06-14T10:25:16","date_gmt":"2025-06-14T08:25:16","guid":{"rendered":"http:\/\/www.walking.tv-badbergzabern.de\/?page_id=9"},"modified":"2025-12-01T11:59:54","modified_gmt":"2025-12-01T10:59:54","slug":"termine","status":"publish","type":"page","link":"https:\/\/Walking.tv-badbergzabern.de\/?page_id=9","title":{"rendered":"Termine"},"content":{"rendered":"\t\t<div data-elementor-type=\"wp-post\" data-elementor-id=\"9\" class=\"elementor elementor-9\">\n\t\t\t\t<div class=\"elementor-element elementor-element-212297a e-flex e-con-boxed e-con e-parent\" data-id=\"212297a\" data-element_type=\"container\">\n\t\t\t\t\t<div class=\"e-con-inner\">\n\t\t<div class=\"elementor-element elementor-element-a58410a e-con-full e-flex e-con e-child\" data-id=\"a58410a\" data-element_type=\"container\">\n\t\t\t\t<\/div>\n\t\t<div class=\"elementor-element elementor-element-522443d e-con-full e-flex e-con e-child\" data-id=\"522443d\" data-element_type=\"container\">\n\t\t\t\t<div class=\"elementor-element elementor-element-5e06ff7 elementor-widget elementor-widget-spacer\" data-id=\"5e06ff7\" data-element_type=\"widget\" data-widget_type=\"spacer.default\">\n\t\t\t\t<div class=\"elementor-widget-container\">\n\t\t\t\t\t\t\t<div class=\"elementor-spacer\">\n\t\t\t<div class=\"elementor-spacer-inner\"><\/div>\n\t\t<\/div>\n\t\t\t\t\t\t<\/div>\n\t\t\t\t<\/div>\n\t\t\t\t<div class=\"elementor-element elementor-element-e319309 elementor-widget elementor-widget-heading\" data-id=\"e319309\" data-element_type=\"widget\" data-widget_type=\"heading.default\">\n\t\t\t\t<div class=\"elementor-widget-container\">\n\t\t\t\t\t<h2 class=\"elementor-heading-title elementor-size-default\">Walking und Nordic-Walking  f\u00fcr Sporteinsteiger\/innen\nund f\u00fcr leistungsorientierte\nSportinteressierte<\/h2>\t\t\t\t<\/div>\n\t\t\t\t<\/div>\n\t\t<div class=\"elementor-element elementor-element-6a507ec e-con-full e-flex e-con e-child\" data-id=\"6a507ec\" data-element_type=\"container\">\n\t\t\t\t<div class=\"elementor-element elementor-element-9d06691 elementor-widget elementor-widget-heading\" data-id=\"9d06691\" data-element_type=\"widget\" data-widget_type=\"heading.default\">\n\t\t\t\t<div class=\"elementor-widget-container\">\n\t\t\t\t\t<h2 class=\"elementor-heading-title elementor-size-default\">Der Treff<\/h2>\t\t\t\t<\/div>\n\t\t\t\t<\/div>\n\t\t\t\t<div class=\"elementor-element elementor-element-d68ebb1 elementor-widget elementor-widget-text-editor\" data-id=\"d68ebb1\" data-element_type=\"widget\" data-widget_type=\"text-editor.default\">\n\t\t\t\t<div class=\"elementor-widget-container\">\n\t\t\t\t\t\t\t\t\t<p>Wir bieten drei\u00a0 Treffs jede Woche an! Die Treffs finden das ganze Jahr \u00fcber statt. Nur an gesetzlichen Feiertagen entf\u00e4llt der Treff.<\/p><p>Die Zeiten sind:<br \/><strong>Mo 9:30h \u22c5 Di 18:30h \u22c5 Do 18:30h<\/strong><\/p><p>Treffpunkt ist der Parkplatz am westlichen Eingang des Kurparks. Der jeweilige Leiter des Treffs legt in Abh\u00e4ngigkeit vom Wetter und den Teilnehmern eine Laufstrecke fest. Damit die Teilnehmer auf ihrem individuellen Leistungsniveau aktiv sein k\u00f6nnen und die vorgesehene Dauer eingehalten wird, werden passende Kleingruppen gebildet.<\/p><p>Die Dauer des Treffs betr\u00e4gt stets eine Stunde, so dass die Teilnehmer anschlie\u00dfend andere Termine verl\u00e4sslich wahrnehmen k\u00f6nnen.\u00a0<\/p>\t\t\t\t\t\t\t\t<\/div>\n\t\t\t\t<\/div>\n\t\t\t\t<\/div>\n\t\t<div class=\"elementor-element elementor-element-1719668 e-con-full e-flex e-con e-child\" data-id=\"1719668\" data-element_type=\"container\">\n\t\t\t\t<div class=\"elementor-element elementor-element-a4b176a elementor-widget elementor-widget-heading\" data-id=\"a4b176a\" data-element_type=\"widget\" data-widget_type=\"heading.default\">\n\t\t\t\t<div class=\"elementor-widget-container\">\n\t\t\t\t\t<h2 class=\"elementor-heading-title elementor-size-default\">Unterhaltung und Kontakte kn\u00fcpfen<\/h2>\t\t\t\t<\/div>\n\t\t\t\t<\/div>\n\t\t\t\t<div class=\"elementor-element elementor-element-d7eb2e3 elementor-widget elementor-widget-text-editor\" data-id=\"d7eb2e3\" data-element_type=\"widget\" data-widget_type=\"text-editor.default\">\n\t\t\t\t<div class=\"elementor-widget-container\">\n\t\t\t\t\t\t\t\t\t<p>Die meisten Teilnehmer sch\u00e4tzen die M\u00f6glichkeit, sich bei der Aus\u00fcbung des Sports mit Teilnehmern zu unterhalten und andere Menschen kennenzulernen.<\/p>\t\t\t\t\t\t\t\t<\/div>\n\t\t\t\t<\/div>\n\t\t\t\t<\/div>\n\t\t\t\t<\/div>\n\t\t\t\t\t<\/div>\n\t\t\t\t<\/div>\n\t\t\t\t<\/div>\n\t\t","protected":false},"excerpt":{"rendered":"<p>Walking und Nordic-Walking f\u00fcr Sporteinsteiger\/innen und f\u00fcr leistungsorientierte Sportinteressierte Der Treff Wir bieten drei\u00a0 Treffs jede Woche an! Die Treffs finden das ganze Jahr \u00fcber statt. Nur an gesetzlichen Feiertagen entf\u00e4llt der Treff. Die Zeiten sind:Mo 9:30h \u22c5 Di 18:30h \u22c5 Do 18:30h Treffpunkt ist der Parkplatz am westlichen Eingang des Kurparks. Der jeweilige Leiter [&hellip;]<\/p>\n","protected":false},"author":1,"featured_media":0,"parent":0,"menu_order":3,"comment_status":"closed","ping_status":"closed","template":"","meta":{"ocean_post_layout":"full-screen","ocean_both_sidebars_style":"","ocean_both_sidebars_content_width":0,"ocean_both_sidebars_sidebars_width":0,"ocean_sidebar":"","ocean_second_sidebar":"","ocean_disable_margins":"enable","ocean_add_body_class":"","ocean_shortcode_before_top_bar":"","ocean_shortcode_after_top_bar":"","ocean_shortcode_before_header":"","ocean_shortcode_after_header":"","ocean_has_shortcode":"","ocean_shortcode_after_title":"","ocean_shortcode_before_footer_widgets":"","ocean_shortcode_after_footer_widgets":"","ocean_shortcode_before_footer_bottom":"","ocean_shortcode_after_footer_bottom":"","ocean_display_top_bar":"off","ocean_display_header":"default","ocean_header_style":"","ocean_center_header_left_menu":"","ocean_custom_header_template":"","ocean_custom_logo":0,"ocean_custom_retina_logo":0,"ocean_custom_logo_max_width":0,"ocean_custom_logo_tablet_max_width":0,"ocean_custom_logo_mobile_max_width":0,"ocean_custom_logo_max_height":0,"ocean_custom_logo_tablet_max_height":0,"ocean_custom_logo_mobile_max_height":0,"ocean_header_custom_menu":"","ocean_menu_typo_font_family":"","ocean_menu_typo_font_subset":"","ocean_menu_typo_font_size":0,"ocean_menu_typo_font_size_tablet":0,"ocean_menu_typo_font_size_mobile":0,"ocean_menu_typo_font_size_unit":"px","ocean_menu_typo_font_weight":"","ocean_menu_typo_font_weight_tablet":"","ocean_menu_typo_font_weight_mobile":"","ocean_menu_typo_transform":"","ocean_menu_typo_transform_tablet":"","ocean_menu_typo_transform_mobile":"","ocean_menu_typo_line_height":0,"ocean_menu_typo_line_height_tablet":0,"ocean_menu_typo_line_height_mobile":0,"ocean_menu_typo_line_height_unit":"","ocean_menu_typo_spacing":0,"ocean_menu_typo_spacing_tablet":0,"ocean_menu_typo_spacing_mobile":0,"ocean_menu_typo_spacing_unit":"","ocean_menu_link_color":"","ocean_menu_link_color_hover":"","ocean_menu_link_color_active":"","ocean_menu_link_background":"","ocean_menu_link_hover_background":"","ocean_menu_link_active_background":"","ocean_menu_social_links_bg":"","ocean_menu_social_hover_links_bg":"","ocean_menu_social_links_color":"","ocean_menu_social_hover_links_color":"","ocean_disable_title":"on","ocean_disable_heading":"default","ocean_post_title":"","ocean_post_subheading":"","ocean_post_title_style":"","ocean_post_title_background_color":"","ocean_post_title_background":0,"ocean_post_title_bg_image_position":"","ocean_post_title_bg_image_attachment":"","ocean_post_title_bg_image_repeat":"","ocean_post_title_bg_image_size":"","ocean_post_title_height":0,"ocean_post_title_bg_overlay":0.5,"ocean_post_title_bg_overlay_color":"","ocean_disable_breadcrumbs":"default","ocean_breadcrumbs_color":"","ocean_breadcrumbs_separator_color":"","ocean_breadcrumbs_links_color":"","ocean_breadcrumbs_links_hover_color":"","ocean_display_footer_widgets":"off","ocean_display_footer_bottom":"off","ocean_custom_footer_template":"","footnotes":""},"class_list":["post-9","page","type-page","status-publish","hentry","entry"],"_links":{"self":[{"href":"https:\/\/Walking.tv-badbergzabern.de\/index.php?rest_route=\/wp\/v2\/pages\/9","targetHints":{"allow":["GET"]}}],"collection":[{"href":"https:\/\/Walking.tv-badbergzabern.de\/index.php?rest_route=\/wp\/v2\/pages"}],"about":[{"href":"https:\/\/Walking.tv-badbergzabern.de\/index.php?rest_route=\/wp\/v2\/types\/page"}],"author":[{"embeddable":true,"href":"https:\/\/Walking.tv-badbergzabern.de\/index.php?rest_route=\/wp\/v2\/users\/1"}],"replies":[{"embeddable":true,"href":"https:\/\/Walking.tv-badbergzabern.de\/index.php?rest_route=%2Fwp%2Fv2%2Fcomments&post=9"}],"version-history":[{"count":24,"href":"https:\/\/Walking.tv-badbergzabern.de\/index.php?rest_route=\/wp\/v2\/pages\/9\/revisions"}],"predecessor-version":[{"id":806,"href":"https:\/\/Walking.tv-badbergzabern.de\/index.php?rest_route=\/wp\/v2\/pages\/9\/revisions\/806"}],"wp:attachment":[{"href":"https:\/\/Walking.tv-badbergzabern.de\/index.php?rest_route=%2Fwp%2Fv2%2Fmedia&parent=9"}],"curies":[{"name":"wp","href":"https:\/\/api.w.org\/{rel}","templated":true}]}}